?
0
Calculate the remainder when 2897008 is divided by 1634.
1560
What is the remainder when 8925655 is divided by 178?
23
What is the remainder when 993334 is divided by 537?
421
Calculate the remainder when 45692 is divided by 570.
92
Calculate the remainder when 1940508 is divided by 129366.
18
Calculate the remainder when 6403038 is divided by 653.
373
What is the remainder when 2137295 is divided by 712425?
20
Calculate the remainder when 340628 is divided by 340591.
37
Calculate the remainder when 377650 is divided by 65.
0
What is the remainder when 5347528 is divided by 527?
59
What is the remainder when 4965672 is divided by 330961?
1257
Calculate the remainder when 46524192 is divided by 159.
156
Calculate the remainder when 18488310 is divided by 18488310.
0
Calculate the remainder when 156245 is divided by 10334.
1235
Calculate the remainder when 2592851 is divided by 17.
11
What is the remainder when 130004724 is divided by 130004708?
16
What is the remainder when 5945312 is divided by 744?
8
What is the remainder when 6425048 is divided by 462?
14
Calculate the remainder when 166019533 is divided by 8153.
8147
Calculate the remainder when 2987169 is divided by 14219.
1179
Calculate the remainder when 56920428 is divided by 48.
12
Calculate the remainder when 2581798 is divided by 30.
28
Calculate the remainder when 91782 is divided by 2530.
702
Calculate the remainder when 2444143 is divided by 270.
103
Calculate the remainder when 140321 is divided by 46740.
101
Calculate the remainder when 11395144 is divided by 9987.
9964
Calculate the remainder when 1746004 is divided by 120.
4
Calculate the remainder when 10494016 is divided by 272.
256
Calculate the remainder when 222466694 is divided by 516164.
10
What is the remainder when 2491268 is divided by 97?
17
What is the remainder when 216374 is divided by 52084?
8038
What is the remainder when 64358014 is divided by 10504?
6
Calculate the remainder when 28795478 is divided by 143.
140
Calculate the remainder when 2644126 is divided by 660966.
262
What is the remainder when 1824227 is divided by 26438?
5
Calculate the remainder when 1131158 is divided by 4454.
4296
What is the remainder when 12434 is divided by 1330?
464
What is the remainder when 191695230 is divided by 47923807?
2
Calculate the remainder when 6009209 is divided by 2075.
9
What is the remainder when 326562 is divided by 9169?
5647
What is the remainder when 96531 is divided by 3860?
31
What is the remainder when 42247037 is divided by 320?
317
Calculate the remainder when 9261555 is divided by 9.
6
What is the remainder when 10315 is divided by 2056?
35
Calculate the remainder when 109086418 is divided by 149.
91
What is the remainder when 2077193 is divided by 150?
143
What is the remainder when 1617 is divided by 140?
77
Calculate the remainder when 157030 is divided by 26129.
256
What is the remainder when 268410 is divided by 10?
0
What is the remainder when 199096 is divided by 342?
52
Calculate the remainder when 26373269 is divided by 162.
155
What is the remainder when 9371 is divided by 3095?
86
Calculate the remainder when 209766545 is divided by 6.
5
What is the remainder when 258131 is divided by 3536?
3
What is the remainder when 124959988 is divided by 161?
160
What is the remainder when 4286269 is divided by 691?
687
What is the remainder when 33269599 is divided by 899178?
13
What is the remainder when 15640 is divided by 1137?
859
What is the remainder when 23812250 is divided by 1466?
12
Calculate the remainder when 334949200 is divided by 189.
187
What is the remainder when 13653026 is divided by 937?
936
What is the remainder when 146222 is divided by 2157?
1703
What is the remainder when 118572 is divided by 652?
560
Calculate the remainder when 18066 is divided by 8788.
490
What is the remainder when 364317 is divided by 121435?
12
Calculate the remainder when 3932765 is divided by 2643.
2624
What is the remainder when 957253 is divided by 319?
253
What is the remainder when 755368244 is divided by 188842059?
8
Calculate the remainder when 3062667 is divided by 69606.
3
Calculate the remainder when 761698 is divided by 3104.
1218
What is the remainder when 50571549 is divided by 14?
7
Calculate the remainder when 3895942 is divided by 556559.
29
Calculate the remainder when 34639 is divided by 5570.
1219
Calculate the remainder when 8190149 is divided by 34704.
5
Calculate the remainder when 46824498 is divided by 500.
498
Calculate the remainder when 155642 is divided by 2506.
270
Calculate the remainder when 5473134 is divided by 2142.
324
What is the remainder when 6270229 is divided by 524?
45
Calculate the remainder when 142989 is divided by 404.
377
What is the remainder when 2152564 is divided by 59?
8
Calculate the remainder when 513439 is divided by 42730.
679
Calculate the remainder when 6371045 is divided by 61258.
213
What is the remainder when 682095 is divided by 18427?
296
Calculate the remainder when 2867882 is divided by 150939.
41
What is the remainder when 114694 is divided by 2449?
2040
Calculate the remainder when 2137218 is divided by 1455.
1278
What is the remainder when 1900494 is divided by 9185?
8384
What is the remainder when 34532461 is divided by 157?
154
Calculate the remainder when 3641706 is divided by 72834.
6
Calculate the remainder when 2152720 is divided by 43054.
20
Calculate the remainder when 14059 is divided by 2780.
159
What is the remainder when 39643 is divided by 315?
268
Calculate the remainder when 259105 is divided by 43132.
313
Calculate the remainder when 770041 is divided by 182.
181
What is the remainder when 6397976 is divided by 3527?
3525
Calculate the remainder when 118424 is divided by 4365.
569
Calculate the remainder when 1467090 is divided by 733536.
18
Calculate the remainder when 3030043 is divided by 4151.
3964
Calculate the remainder when 158907 is divided by 694.
675
What is the remainder when 2462501 is divided by 820626?
623
What is the remainder when 45168 is divided by 5640?
48
Calculate the remainder when 1237756 is divided by 56259.
58
What is the remainder when 19369 is divided by 4007?
3341
What is the remainder when 46272 is divided by 146?
136
What is the remainder when 4998208 is divided by 745?
3
Calculate the remainder when 28549 is divided by 1585.
19
What is the remainder when 247821 is divided by 4354?
3997
What is the remainder when 1246386 is divided by 63?
57
What is the remainder when 103062 is divided by 2200?
1862
What is the remainder when 999602 is divided by 2701?
232
What is the remainder when 17432464 is divided by 662?
18
Calculate the remainder when 14287 is divided by 3353.
875
Calculate the remainder when 17257640 is divided by 69.
50
What is the remainder when 2170835 is divided by 1940?
1915
What is the remainder when 313665 is divided by 1245?
1170
Calculate the remainder when 2639447 is divided by 3.
2
What is the remainder when 816033 is divided by 219?
39
What is the remainder when 8531 is divided by 5568?
2963
What is the remainder when 10388232 is divided by 57?
39
Calculate the remainder when 30751651 is divided by 1693.
1692
Calculate the remainder when 1650726 is divided by 3628.
3614
What is the remainder when 13458 is divided by 13136?
322
What is the remainder when 4246978 is divided by 349?
346
What is the remainder when 245329 is divided by 122505?
319
What is the remainder when 116951 is divided by 8256?
1367
What is the remainder when 219372618 is divided by 27?
21
Calculate the remainder when 218213 is divided by 19815.
248
Calculate the remainder when 1026044 is divided by 871.
6
What is the remainder when 4367613 is divided by 4?
1
What is the remainder when 2431518 is divided by 865?
3
Calculate the remainder when 62531887 is divided by 82.
81
What is the remainder when 495361383 is divided by 2315?
2313
Calculate the remainder when 397201 is divided by 5512.
337
Calculate the remainder when 518967 is divided by 4477.
4112
Calculate the remainder when 5277826 is divided by 31.
14
Calculate the remainder when 15536160 is divided by 254691.
9
What is the remainder when 982788 is divided by 327551?
135
Calculate the remainder when 2821271 is divided by 982.
967
What is the 